{"id":15,"date":"2018-07-09T14:03:16","date_gmt":"2018-07-09T14:03:16","guid":{"rendered":"http:\/\/agropalmafuerte.com.ar\/?page_id=15"},"modified":"2022-02-05T14:05:43","modified_gmt":"2022-02-05T14:05:43","slug":"inicio","status":"publish","type":"page","link":"https:\/\/agropalmafuerte.com.ar\/","title":{"rendered":"Inicio"},"content":{"rendered":"<p>[et_pb_section fb_built=&#8221;1&#8243; admin_label=&#8221;section&#8221; _builder_version=&#8221;4.4.5&#8243; background_image=&#8221;https:\/\/agropalmafuerte.com.ar\/wp-content\/uploads\/2018\/07\/fondo2-e1531146288276.jpg&#8221; parallax=&#8221;on&#8221; custom_margin=&#8221;-47px|||||&#8221; custom_padding=&#8221;54px|0px|245px|0px|false|false&#8221; global_colors_info=&#8221;{}&#8221;][et_pb_row admin_label=&#8221;row&#8221; _builder_version=&#8221;4.14.7&#8243; background_size=&#8221;initial&#8221; background_position=&#8221;top_left&#8221; background_repeat=&#8221;repeat&#8221; custom_padding=&#8221;12px|0px|25px|0px|false|false&#8221; hover_enabled=&#8221;0&#8243; global_colors_info=&#8221;{}&#8221; custom_margin_last_edited=&#8221;on|desktop&#8221; sticky_enabled=&#8221;0&#8243; background_enable_color=&#8221;off&#8221;][et_pb_column type=&#8221;4_4&#8243; _builder_version=&#8221;3.25&#8243; custom_padding=&#8221;|||&#8221; global_colors_info=&#8221;{}&#8221; custom_padding__hover=&#8221;|||&#8221;][et_pb_image src=&#8221;https:\/\/agropalmafuerte.com.ar\/wp-content\/uploads\/2020\/09\/OFERTA_ALMAFUERTE-05-1-e1600789587601.png&#8221; title_text=&#8221;OFERTA_ALMAFUERTE-05&#8243; align=&#8221;center&#8221; align_tablet=&#8221;center&#8221; align_phone=&#8221;&#8221; align_last_edited=&#8221;on|desktop&#8221; _builder_version=&#8221;4.14.7&#8243; min_height=&#8221;268px&#8221; custom_padding=&#8221;||8px|||&#8221; animation_style=&#8221;zoom&#8221; hover_enabled=&#8221;0&#8243; global_colors_info=&#8221;{}&#8221; sticky_enabled=&#8221;0&#8243; custom_margin=&#8221;||30px|||&#8221;][\/et_pb_image][et_pb_text _builder_version=&#8221;3.27.4&#8243; animation_style=&#8221;fade&#8221; global_colors_info=&#8221;{}&#8221;]<\/p>\n<h1 style=\"text-align: center;\"><span style=\"color: #ffffff;\"><strong>Una empresa familiar con m\u00e1s de 30 a\u00f1os<\/strong><\/span><br \/><span style=\"color: #ffffff;\"><strong>al servicio de nuestros clientes<\/strong><\/span><\/h1>\n<p>[\/et_pb_text][\/et_pb_column][\/et_pb_row][\/et_pb_section][et_pb_section fb_built=&#8221;1&#8243; _builder_version=&#8221;3.22&#8243; min_height=&#8221;1009px&#8221; custom_margin=&#8221;-1px|||||&#8221; custom_padding=&#8221;32px|||||&#8221; global_colors_info=&#8221;{}&#8221;][et_pb_row column_structure=&#8221;1_3,2_3&#8243; _builder_version=&#8221;3.25&#8243; min_height=&#8221;311px&#8221; custom_margin=&#8221;-15px|auto||auto||&#8221; global_colors_info=&#8221;{}&#8221;][et_pb_column type=&#8221;1_3&#8243; _builder_version=&#8221;3.25&#8243; custom_padding=&#8221;|||&#8221; global_colors_info=&#8221;{}&#8221; custom_padding__hover=&#8221;|||&#8221;][et_pb_text _builder_version=&#8221;3.27.4&#8243; global_colors_info=&#8221;{}&#8221;]<\/p>\n<h1 style=\"text-align: right;\">Mas de 30 a\u00f1os al servicio<br \/> de nuestros clientes<\/h1>\n<p>[\/et_pb_text][\/et_pb_column][et_pb_column type=&#8221;2_3&#8243; _builder_version=&#8221;3.25&#8243; custom_padding=&#8221;|||&#8221; global_colors_info=&#8221;{}&#8221; custom_padding__hover=&#8221;|||&#8221;][et_pb_text _builder_version=&#8221;4.4.5&#8243; global_colors_info=&#8221;{}&#8221;]<\/p>\n<p>Agropecuaria Almafuerte es una de las distribuidoras de productos veterinarios mas importantes del litoral Argentino, fundada y dirigida por Daniel Della Schiava medico veterinario.-<\/p>\n<p>Desde Paran\u00e1, Entre R\u00edos, proveemos a nuestros clientes de una amplia variedad de productos y accesorios para peque\u00f1os y grandes animales de los laboratorios mas reconocidos del pa\u00eds. Esto nos asegura un abastecimiento constante y la posibilidad de ofrecer alternativas a cada necesidad.<\/p>\n<p>Nuestra estructura nos permite brindar asesoramiento y atenci\u00f3n profesional a cada cliente en cualquier punto del pa\u00eds en tiempos \u00f3ptimos. Comprometidos con el crecimiento y profesionalizaci\u00f3n de nuestros colaboradores, apostamos permanentemente a las modernas herramientas tecnol\u00f3gicas que nos permitan cumplir con este objetivo.<\/p>\n<p>[\/et_pb_text][\/et_pb_column][\/et_pb_row][et_pb_row column_structure=&#8221;1_3,2_3&#8243; _builder_version=&#8221;3.25&#8243; global_colors_info=&#8221;{}&#8221;][et_pb_column type=&#8221;1_3&#8243; _builder_version=&#8221;3.25&#8243; custom_padding=&#8221;|||&#8221; global_colors_info=&#8221;{}&#8221; custom_padding__hover=&#8221;|||&#8221;][et_pb_text _builder_version=&#8221;3.27.4&#8243; global_colors_info=&#8221;{}&#8221;]<\/p>\n<h1 style=\"text-align: right;\">Distribuidores de productos veterinarios para peque\u00f1os y grandes animales<\/h1>\n<p>[\/et_pb_text][\/et_pb_column][et_pb_column type=&#8221;2_3&#8243; _builder_version=&#8221;3.25&#8243; custom_padding=&#8221;|||&#8221; global_colors_info=&#8221;{}&#8221; custom_padding__hover=&#8221;|||&#8221;][et_pb_image src=&#8221;https:\/\/agropalmafuerte.com.ar\/wp-content\/uploads\/2018\/07\/caballos-e1531146086171.jpg&#8221; title_text=&#8221;caballos&#8221; align_tablet=&#8221;center&#8221; align_phone=&#8221;&#8221; align_last_edited=&#8221;on|desktop&#8221; _builder_version=&#8221;4.4.5&#8243; global_colors_info=&#8221;{}&#8221;][\/et_pb_image][\/et_pb_column][\/et_pb_row][et_pb_row column_structure=&#8221;1_3,2_3&#8243; _builder_version=&#8221;3.25&#8243; global_colors_info=&#8221;{}&#8221;][et_pb_column type=&#8221;1_3&#8243; _builder_version=&#8221;3.25&#8243; custom_padding=&#8221;|||&#8221; global_colors_info=&#8221;{}&#8221; custom_padding__hover=&#8221;|||&#8221;][et_pb_text _builder_version=&#8221;3.27.4&#8243; global_colors_info=&#8221;{}&#8221;]<\/p>\n<h1 style=\"text-align: right;\">Cobertura nacional en <br \/>tiempos \u00f3ptimos<\/h1>\n<p>[\/et_pb_text][\/et_pb_column][et_pb_column type=&#8221;2_3&#8243; _builder_version=&#8221;3.25&#8243; custom_padding=&#8221;|||&#8221; global_colors_info=&#8221;{}&#8221; custom_padding__hover=&#8221;|||&#8221;][et_pb_text _builder_version=&#8221;3.27.4&#8243; global_colors_info=&#8221;{}&#8221;]<\/p>\n<p>Nuestra estructura nos permite llegar a cualquier punto del pa\u00eds en tiempos \u00f3ptimos y con la mejor relaci\u00f3n de costos.-<\/p>\n<p>[\/et_pb_text][\/et_pb_column][\/et_pb_row][et_pb_row _builder_version=&#8221;3.25&#8243; global_colors_info=&#8221;{}&#8221;][et_pb_column type=&#8221;4_4&#8243; _builder_version=&#8221;3.25&#8243; custom_padding=&#8221;|||&#8221; global_colors_info=&#8221;{}&#8221; custom_padding__hover=&#8221;|||&#8221;][et_pb_button button_text=&#8221;Servicios&#8221; button_alignment=&#8221;center&#8221; _builder_version=&#8221;3.16&#8243; global_colors_info=&#8221;{}&#8221; button_text_size__hover_enabled=&#8221;off&#8221; button_one_text_size__hover_enabled=&#8221;off&#8221; button_two_text_size__hover_enabled=&#8221;off&#8221; button_text_color__hover_enabled=&#8221;off&#8221; button_one_text_color__hover_enabled=&#8221;off&#8221; button_two_text_color__hover_enabled=&#8221;off&#8221; button_border_width__hover_enabled=&#8221;off&#8221; button_one_border_width__hover_enabled=&#8221;off&#8221; button_two_border_width__hover_enabled=&#8221;off&#8221; button_border_color__hover_enabled=&#8221;off&#8221; button_one_border_color__hover_enabled=&#8221;off&#8221; button_two_border_color__hover_enabled=&#8221;off&#8221; button_border_radius__hover_enabled=&#8221;off&#8221; button_one_border_radius__hover_enabled=&#8221;off&#8221; button_two_border_radius__hover_enabled=&#8221;off&#8221; button_letter_spacing__hover_enabled=&#8221;off&#8221; button_one_letter_spacing__hover_enabled=&#8221;off&#8221; button_two_letter_spacing__hover_enabled=&#8221;off&#8221; button_bg_color__hover_enabled=&#8221;off&#8221; button_one_bg_color__hover_enabled=&#8221;off&#8221; button_two_bg_color__hover_enabled=&#8221;off&#8221;][\/et_pb_button][\/et_pb_column][\/et_pb_row][\/et_pb_section][et_pb_section fb_built=&#8221;1&#8243; _builder_version=&#8221;4.4.5&#8243; background_color=&#8221;#000000&#8243; global_colors_info=&#8221;{}&#8221;][et_pb_row column_structure=&#8221;1_4,1_4,1_4,1_4&#8243; _builder_version=&#8221;4.4.5&#8243; background_color=&#8221;#000000&#8243; global_colors_info=&#8221;{}&#8221;][et_pb_column type=&#8221;1_4&#8243; _builder_version=&#8221;4.4.5&#8243; global_colors_info=&#8221;{}&#8221;][et_pb_image src=&#8221;https:\/\/agropalmafuerte.com.ar\/wp-content\/uploads\/2020\/09\/f207045d96c258fed664305f0ac2c5bd-icono-azul-del-auricular-del-tel-fono-by-vexels-e1599685186733.png&#8221; title_text=&#8221;f207045d96c258fed664305f0ac2c5bd-icono-azul-del-auricular-del-tel&#8211;fono-by-vexels&#8221; _builder_version=&#8221;4.4.5&#8243; global_colors_info=&#8221;{}&#8221;][\/et_pb_image][et_pb_text _builder_version=&#8221;4.4.5&#8243; text_text_color=&#8221;#ffffff&#8221; global_colors_info=&#8221;{}&#8221;]<\/p>\n<p style=\"text-align: left;\"><strong>0342 4552366<\/strong><\/p>\n<p style=\"text-align: left;\"><strong> Av. Freyre 2363, Santa Fe, Santa Fe<\/strong><\/p>\n<p>[\/et_pb_text][\/et_pb_column][et_pb_column type=&#8221;1_4&#8243; _builder_version=&#8221;4.4.5&#8243; global_colors_info=&#8221;{}&#8221;][et_pb_image src=&#8221;https:\/\/agropalmafuerte.com.ar\/wp-content\/uploads\/2020\/09\/f207045d96c258fed664305f0ac2c5bd-icono-azul-del-auricular-del-tel-fono-by-vexels-e1599685186733.png&#8221; title_text=&#8221;f207045d96c258fed664305f0ac2c5bd-icono-azul-del-auricular-del-tel&#8211;fono-by-vexels&#8221; _builder_version=&#8221;4.4.5&#8243; global_colors_info=&#8221;{}&#8221;][\/et_pb_image][et_pb_text _builder_version=&#8221;4.4.5&#8243; text_text_color=&#8221;#ffffff&#8221; global_colors_info=&#8221;{}&#8221;]<\/p>\n<p><strong>0343 4248818 &#8211; 0343 4242171<\/strong><\/p>\n<p><strong>Almafuerte 69, Paran\u00e1, Entre R\u00edos.<\/strong><\/p>\n<p>[\/et_pb_text][et_pb_text _builder_version=&#8221;4.4.5&#8243; text_text_color=&#8221;#ffffff&#8221; global_colors_info=&#8221;{}&#8221;]<\/p>\n<p><strong>Virgen de Guadalupe s\/n<\/strong><br \/><strong> San Benito E.R<\/strong><\/p>\n<p>[\/et_pb_text][\/et_pb_column][et_pb_column type=&#8221;1_4&#8243; _builder_version=&#8221;4.4.5&#8243; global_colors_info=&#8221;{}&#8221;][et_pb_image src=&#8221;https:\/\/agropalmafuerte.com.ar\/wp-content\/uploads\/2020\/09\/f207045d96c258fed664305f0ac2c5bd-icono-azul-del-auricular-del-tel-fono-by-vexels-e1599685186733.png&#8221; title_text=&#8221;f207045d96c258fed664305f0ac2c5bd-icono-azul-del-auricular-del-tel&#8211;fono-by-vexels&#8221; admin_label=&#8221;Image&#8221; _builder_version=&#8221;4.4.5&#8243; global_colors_info=&#8221;{}&#8221;][\/et_pb_image][et_pb_text _builder_version=&#8221;4.4.5&#8243; text_text_color=&#8221;#ffffff&#8221; global_colors_info=&#8221;{}&#8221;]<\/p>\n<p><strong>03482 611074<\/strong><\/p>\n<p><strong> Hip\u00f3lito Yrigoyen 915<br \/><\/strong><strong>Reconquista, Santa Fe.<\/strong><\/p>\n<p>[\/et_pb_text][\/et_pb_column][et_pb_column type=&#8221;1_4&#8243; _builder_version=&#8221;4.4.5&#8243; global_colors_info=&#8221;{}&#8221;][et_pb_image src=&#8221;https:\/\/agropalmafuerte.com.ar\/wp-content\/uploads\/2020\/09\/f207045d96c258fed664305f0ac2c5bd-icono-azul-del-auricular-del-tel-fono-by-vexels-e1599685186733.png&#8221; title_text=&#8221;f207045d96c258fed664305f0ac2c5bd-icono-azul-del-auricular-del-tel&#8211;fono-by-vexels&#8221; admin_label=&#8221;Image&#8221; _builder_version=&#8221;4.4.5&#8243; global_colors_info=&#8221;{}&#8221;][\/et_pb_image][et_pb_text _builder_version=&#8221;4.4.5&#8243; text_text_color=&#8221;#ffffff&#8221; global_colors_info=&#8221;{}&#8221;]<\/p>\n<p><strong>03492 614212 <\/strong><\/p>\n<p><strong>Ruta 34 y acceso a Ang\u00e9lica<\/strong><\/p>\n<p><strong>Ang\u00e9lica, Santa Fe<\/strong><\/p>\n<p>[\/et_pb_text][\/et_pb_column][\/et_pb_row][\/et_pb_section]<\/p>\n","protected":false},"excerpt":{"rendered":"<p>Una empresa familiar con m\u00e1s de 30 a\u00f1osal servicio de nuestros clientesMas de 30 a\u00f1os al servicio de nuestros clientesAgropecuaria Almafuerte es una de las distribuidoras de productos veterinarios mas importantes del litoral Argentino, fundada y dirigida por Daniel Della Schiava medico veterinario.- Desde Paran\u00e1, Entre R\u00edos, proveemos a nuestros clientes de una amplia variedad [&hellip;]<\/p>\n","protected":false},"author":1,"featured_media":0,"parent":0,"menu_order":0,"comment_status":"closed","ping_status":"closed","template":"","meta":{"_et_pb_use_builder":"on","_et_pb_old_content":"","_et_gb_content_width":""},"_links":{"self":[{"href":"https:\/\/agropalmafuerte.com.ar\/index.php?rest_route=\/wp\/v2\/pages\/15"}],"collection":[{"href":"https:\/\/agropalmafuerte.com.ar\/index.php?rest_route=\/wp\/v2\/pages"}],"about":[{"href":"https:\/\/agropalmafuerte.com.ar\/index.php?rest_route=\/wp\/v2\/types\/page"}],"author":[{"embeddable":true,"href":"https:\/\/agropalmafuerte.com.ar\/index.php?rest_route=\/wp\/v2\/users\/1"}],"replies":[{"embeddable":true,"href":"https:\/\/agropalmafuerte.com.ar\/index.php?rest_route=%2Fwp%2Fv2%2Fcomments&post=15"}],"version-history":[{"count":42,"href":"https:\/\/agropalmafuerte.com.ar\/index.php?rest_route=\/wp\/v2\/pages\/15\/revisions"}],"predecessor-version":[{"id":193,"href":"https:\/\/agropalmafuerte.com.ar\/index.php?rest_route=\/wp\/v2\/pages\/15\/revisions\/193"}],"wp:attachment":[{"href":"https:\/\/agropalmafuerte.com.ar\/index.php?rest_route=%2Fwp%2Fv2%2Fmedia&parent=15"}],"curies":[{"name":"wp","href":"https:\/\/api.w.org\/{rel}","templated":true}]}}